 = m - 16, -4*m + 5*u + 43 = -0*m. Calculate the greatest common factor of m and l.
4
Suppose 29*a = 24*a. Suppose 15 = -4*i + 5*n + 3722, a = -2*i - 4*n + 1860. What is the greatest common factor of 32 and i?
32
Suppose -4*y + 56 = 5*w, 2*w - 17 = y - 2*y. Let k = 1189 - 1045. What is the greatest common divisor of y and k?
9
Let i(r) = 25*r + 980. Let w be i(-39). Let j(z) = -4*z**3 - z + 1. Suppose -10 = -3*b - 16. Let p be j(b). Calculate the greatest common divisor of w and p.
5
Let m = -3283 + 3499. Suppose -48 = -3*y + 33. Calculate the highest common factor of m and y.
27
Suppose -t + 2*t - 3 = 0. Suppose -t*v + 465 = 108. Suppose -3*y - 3*y + 54 = -48. Calculate the highest common factor of y and v.
17
Let f(q) = -q**3 + 8*q**2 + 12*q - 22. Let j be f(9). Suppose j*m - 458 = 3*w, 2*m + 3*w - 361 = -2*m. What is the highest common factor of m and 39?
13
Let w(o) = 18*o + 158. Let f be w(21). Let b = f + -468. What is the highest common divisor of b and 884?
68
Let t = 363 - 227. Let v be 17/t - (-1)/(-8). Suppose -3*w - 3*w + 540 = v. Calculate the highest common divisor of w and 10.
10
Let f be (-1)/6 - (-66)/(-36) - -9. Suppose 9*z - 1073 - f = 0. What is the greatest common divisor of z and 75?
15
Let a be 13616/14 + 9/21. Suppose -10*r - a + 2693 = 0. Let h = r + -127. What is the greatest common divisor of 27 and h?
9
Suppose 16*l - 30*l + 238 = 0. Let w(q) = -q**2 + 20*q - 28. Let z be w(l). What is the greatest common factor of z and 437?
23
Let c(n) = 13*n + 329. Let u be c(-25). Calculate the highest common factor of 188 and u.
4
Let d(r) = -r**3 + 3*r**2 + 2*r. Let j be d(3). Let x be 34/51 + 632/j + 0. Let g = -58 + x. Calculate the greatest common divisor of g and 12.
12
Let q(g) = -46*g - 819. Let n be q(-18). Calculate the greatest common factor of 1719 and n.
9
Suppose -425 = -7*q + 11671. Calculate the greatest common factor of 240 and q.
48
Let t(c) = -40*c + 474. Let h be t(9). What is the greatest common factor of 5358 and h?
114
Let t be (2/(-6) + 10 + -9)*3. Let j be (t - 0)*(6/4 + 3). What is the highest common divisor of 45 and j?
9
Let z(t) = -44*t**3 - 2*t**2 + 8*t + 6. Let x be z(-4). What is the highest common divisor of x and 14?
14
Let f(k) = k**3 + 67*k**2 - 3*k + 231. Let q be f(-67). What is the highest common divisor of 80 and q?
16
Suppose 4*b + 2*u + 2 = 0, -2*b - 19 = -0*u - 5*u. Let t be b*(-65)/(-40)*-16. Calculate the highest common factor of 104 and t.
52
Let a(o) = 3*o - 51 + 2*o - 12*o. Let u be a(-19). What is the highest common factor of u and 369?
41
Suppose 3*i = -65 + 890. Let z be 1 + -6 + i/25. Suppose -z = 2*o - 3*o. What is the greatest common factor of o and 114?
6
Let x be 6*(207/27 - 7). Suppose -2*g = 2*i - 198, -17*g + x*i = -20*g + 300. Calculate the highest common divisor of 192 and g.
96
Let i(j) = 2*j**3 - 21*j**2 - 11*j + 31. Let t be i(11). Suppose 18*z - 496 = 14*z. Calculate the highest common factor of z and t.
31
Let w(l) = -l**2 - 12*l - 4. Let p be w(-10). Suppose 11*t = p*t - 210. What is the highest common factor of 462 and t?
42
Suppose 3*k + 642 - 1341 = 0. Calculate the greatest common factor of 1 and k.
1
Suppose -x - 4*i + 38 = -184, 471 = 2*x - i. Let z = x - 202. Calculate the greatest common factor of 112 and z.
16
Let j be 2*18/3 - 1. Let z = j + 39. Let l = z + -35. What is the highest common factor of l and 15?
15
Let v be ((-32)/8)/((-40)/204720). What is the highest common divisor of 24 and v?
24
Let n(l) = -16 - 3*l - 2 + 6. Let i be n(-15). Suppose -2*g + i = -u, 2*u = g - 12 - 12. Calculate the greatest common divisor of g and 7.
7
Let a be ((-36)/(-3))/((-3)/(-470)*5). Suppose 373*m + 174 = a*m. What is the highest common factor of m and 58?
58
Let y(t) = -14*t + 663 - 301 + t**2 - 305. Let v be y(15). Calculate the greatest common divisor of 456 and v.
24
Let h = -28751 + 29585. Calculate the highest common factor of h and 66.
6
Let p(v) be the first derivative of -5*v**2 + 20*v - 14. Let r be p(8). Let h = r - -126. Calculate the highest common factor of 44 and h.
22
Let d(j) = -3*j**3 + 4*j - 3. Let g be d(-3). Let m = -64 + g. Suppose -v = -m*a + 138, a - 2*v + 32 = 98. Calculate the highest common factor of a and 10.
10
Let a(o) = o + 80. Let w be a(13). Suppose -4*f + 535 = 2*b - w, 0 = 4*f - b - 622. What is the highest common divisor of f and 12?
12
Suppose -213*b + 180*b = -1122. What is the greatest common divisor of 986 and b?
34
Let q(o) = -o + 39. Let t be q(25). Suppose -1931 = 12*a - 13019. Suppose 0 = t*w - 20*w + a. Calculate the greatest common factor of w and 28.
14
Let p be (4/(-12))/((-5)/((-42000)/(-7))). Calculate the highest common factor of p and 2080.
80
Suppose 338*c - 16320 = -327*c + 655*c. Calculate the highest common factor of c and 680.
136
Suppose -6*i + 536 + 1588 = 0. Let w = 11 - 6. Suppose -w*v = -36 - i. Calculate the highest common factor of 26 and v.
26
Let g = 26 + -26. Suppose g*j + 2*j - 120 = 0. Let c = 92 + -52. What is the greatest common divisor of j and c?
20
Suppose v - 14390 = -5*k, v - k - 8017 - 6367 = 0. What is the greatest common factor of 45 and v?
15
Let i be 5/20*(2 - 2). Let c = i + -2. Let t(g) = 47*g**2 + 4. Let m be t(c). What is the greatest common divisor of 24 and m?
24
Let t be (-4)/6 - ((-60)/(-150))/((-3)/680). Calculate the greatest common factor of t and 4005.
45
Suppose 2*x = 4*h + 152, 0*x + 228 = 3*x + h. Let m = -4 - x. Let l be ((-18)/(-8))/((-3)/m). What is the highest common divisor of l and 10?
10
Suppose -n + 4 = 2*f + 3*n, 12 = f - 3*n. Let x = f - -24. Calculate the greatest common factor of x and 20.
10
Let h be (-2 - 2)*42/(-24). Let b(r) = 10*r - 67. Let l be b(h). Suppose 3 = -2*p + 51. Calculate the highest common divisor of l and p.
3
Let l be 5759/78 + 1/6. Let c = 77 - l. Suppose -o - 3*o - 258 = -5*a, -c*a + o + 159 = 0. What is the greatest common divisor of 18 and a?
18
Let g = 2 + 247. Let h = g + -247. What is the highest common factor of h and 18?
2
Suppose t - 3*f + 11 = 0, 51*t + f = 50*t + 5. Suppose m + 4*m = 15. Suppose -m*g + 5 = -l, 0*l - g + 7 = l. Calculate the greatest common divisor of l and t.
1
Let d(r) = r**3 - 5*r**2 + 3*r + 3. Let o be d(5). Calculate the greatest common factor of 2214 and o.
18
Let z(a) = -2*a**2 + 30*a - 47. Let g be z(13). Let r be ((-21)/(-24) + (-2)/(-16))*g. Suppose q = 4*q - 75. What is the highest common factor of r and q?
5
Let k(t) = 2*t**2 + 15*t - 15. Let v be k(-9). Suppose 0 = v*s - 7*s - 80. Calculate the highest common divisor of 32 and s.
16
Let y be (20*(-34)/(-14))/(18/1449). What is the greatest common factor of 68 and y?
34
Let z = 237 - 143. Let o = z + -29. Calculate the highest common divisor of 39 and o.
13
Let r(g) = -5*g - 3. Let q be r(-3). Let p = -598 - -498. Let a be -6 + 1 + 10/(p/(-530)). What is the greatest common factor of q and a?
12
Let x be (12 + 0)*2/6. Let h(k) be the first derivative of k**2 + 42*k + 35. Let t be h(-19). What is the greatest common factor of x and t?
4
Suppose 11*v - 350 = 5*k + 6*v, 4*k + 271 = v. Let m = -129 - k. Let r = 74 + m. Calculate the greatest common divisor of r and 12.
12
Suppose 139 = 5*b - 41. Let a(m) = m**2 - 10*m + 24. Let f be a(13). Calculate the greatest common factor of b and f.
9
Suppose 2650 = 4*k - 5*l, 32*l = -k + 36*l + 668. Let s = -552 + k. Calculate the greatest common divisor of s and 297.
27
Let l = 25 - 16. Suppose 845 = 2*a + v, -4*a - 292 = -2*v - 1986. Calculate the highest common factor of a and l.
9
Let u = -8911 - -14137. Calculate the highest common divisor of u and 78.
78
Let o = 280 - -1462. What is the greatest common divisor of 104 and o?
26
Suppose 15 = -47*b + 62*b. Let q be b - (2/2)/((-8)/88). What is the greatest common divisor of q and 76?
4
Suppose -o + 4*b + 54 = -2, -4*b - 16 = 0. Let c = o + -37. Suppose -c*k + 36 = 3*m, 2*k + 3*k = 5*m + 110. What is the highest common factor of k and 34?
17
Suppose 135 = -5*j + 450. Suppose 2*n = -3*g + 74, -n - 4*g = 5 - 32. Let i be (3 - (4 + 0)*1) + n. Calculate the highest common factor of j and i.
21
Suppose 8*f + 13097 - 19345 = -0*f. What is the highest common divisor of 1349 and f?
71
Let l = -113 + 213. Suppose 0 = -2*f + 2*a - 383 + 575, 4*a - 16 = 0. Calculate th